{"id":1302,"date":"2025-11-29T09:50:52","date_gmt":"2025-11-29T06:50:52","guid":{"rendered":"https:\/\/laurateknoloji.com.tr\/?post_type=product&#038;p=1302"},"modified":"2025-11-29T09:50:52","modified_gmt":"2025-11-29T06:50:52","slug":"amd-ryzen-7800x3d-msi-geforce-rtx-5070-ti-16g-gaming-trio-oc-white-16gb-msi-b850-msi-1tb-32gb-ddr5","status":"publish","type":"product","link":"https:\/\/laurateknoloji.com.tr\/index.php\/urun\/amd-ryzen-7800x3d-msi-geforce-rtx-5070-ti-16g-gaming-trio-oc-white-16gb-msi-b850-msi-1tb-32gb-ddr5\/","title":{"rendered":"AMD RYZEN 7800X3D-MSI GeForce RTX 5070 Ti 16G GAMING TRIO OC WHITE 16GB-MSI B850-MSI 1TB-32GB DDR5"},"content":{"rendered":"<table data-path-to-node=\"7\">\n<thead>\n<tr>\n<td><strong>\u00d6zellik<\/strong><\/td>\n<td><strong>De\u011fer<\/strong><\/td>\n<\/tr>\n<\/thead>\n<tbody>\n<tr>\n<td><span data-path-to-node=\"7,1,0,0\"><b>GPU \u00dcreticisi<\/b><\/span><\/td>\n<td><span data-path-to-node=\"7,1,1,0\"><b>NVIDIA<\/b><\/span><\/td>\n<\/tr>\n<tr>\n<td><span data-path-to-node=\"7,2,0,0\"><b>Grafik \u0130\u015flemci<\/b><\/span><\/td>\n<td><span data-path-to-node=\"7,2,1,0\"><b>GeForce RTX 5070 Ti<\/b><\/span><\/td>\n<\/tr>\n<tr>\n<td><span data-path-to-node=\"7,3,0,0\"><b>\u0130\u015flemci Serisi<\/b><\/span><\/td>\n<td><span data-path-to-node=\"7,3,1,0\"><b>Ryzen 7<\/b><\/span><\/td>\n<\/tr>\n<tr>\n<td><span data-path-to-node=\"7,4,0,0\"><b>\u0130\u015flemci Modeli<\/b><\/span><\/td>\n<td><span data-path-to-node=\"7,4,1,0\"><b>R7 7700X<\/b><\/span><\/td>\n<\/tr>\n<\/tbody>\n<\/table>\n","protected":false},"excerpt":{"rendered":"<p>\u00d6zellik De\u011fer GPU \u00dcreticisi NVIDIA Grafik \u0130\u015flemci GeForce RTX 5070 Ti \u0130\u015flemci Serisi Ryzen 7 \u0130\u015flemci Modeli R7 7700X<\/p>\n","protected":false},"featured_media":1303,"comment_status":"open","ping_status":"closed","template":"","meta":[],"product_brand":[],"product_cat":[174,171],"product_tag":[],"class_list":{"0":"post-1302","1":"product","2":"type-product","3":"status-publish","4":"has-post-thumbnail","6":"product_cat-msi-oem-paketler","7":"product_cat-oem-paketler","9":"first","10":"instock","11":"shipping-taxable","12":"purchasable","13":"product-type-simple"},"_links":{"self":[{"href":"https:\/\/laurateknoloji.com.tr\/index.php\/wp-json\/wp\/v2\/product\/1302","targetHints":{"allow":["GET"]}}],"collection":[{"href":"https:\/\/laurateknoloji.com.tr\/index.php\/wp-json\/wp\/v2\/product"}],"about":[{"href":"https:\/\/laurateknoloji.com.tr\/index.php\/wp-json\/wp\/v2\/types\/product"}],"replies":[{"embeddable":true,"href":"https:\/\/laurateknoloji.com.tr\/index.php\/wp-json\/wp\/v2\/comments?post=1302"}],"version-history":[{"count":1,"href":"https:\/\/laurateknoloji.com.tr\/index.php\/wp-json\/wp\/v2\/product\/1302\/revisions"}],"predecessor-version":[{"id":1304,"href":"https:\/\/laurateknoloji.com.tr\/index.php\/wp-json\/wp\/v2\/product\/1302\/revisions\/1304"}],"wp:featuredmedia":[{"embeddable":true,"href":"https:\/\/laurateknoloji.com.tr\/index.php\/wp-json\/wp\/v2\/media\/1303"}],"wp:attachment":[{"href":"https:\/\/laurateknoloji.com.tr\/index.php\/wp-json\/wp\/v2\/media?parent=1302"}],"wp:term":[{"taxonomy":"product_brand","embeddable":true,"href":"https:\/\/laurateknoloji.com.tr\/index.php\/wp-json\/wp\/v2\/product_brand?post=1302"},{"taxonomy":"product_cat","embeddable":true,"href":"https:\/\/laurateknoloji.com.tr\/index.php\/wp-json\/wp\/v2\/product_cat?post=1302"},{"taxonomy":"product_tag","embeddable":true,"href":"https:\/\/laurateknoloji.com.tr\/index.php\/wp-json\/wp\/v2\/product_tag?post=1302"}],"curies":[{"name":"wp","href":"https:\/\/api.w.org\/{rel}","templated":true}]}}