{"id":1206,"date":"2025-11-28T16:10:41","date_gmt":"2025-11-28T13:10:41","guid":{"rendered":"https:\/\/laurateknoloji.com.tr\/?post_type=product&#038;p=1206"},"modified":"2025-11-28T16:10:41","modified_gmt":"2025-11-28T13:10:41","slug":"asus-rog-loki-sfx-l-1000w-argb-80plus-platinum-atx-3-0-pci-e-5-moduler-guc-kaynagi","status":"publish","type":"product","link":"https:\/\/laurateknoloji.com.tr\/index.php\/urun\/asus-rog-loki-sfx-l-1000w-argb-80plus-platinum-atx-3-0-pci-e-5-moduler-guc-kaynagi\/","title":{"rendered":"ASUS ROG LOKI SFX-L 1000W ARGB 80Plus Platinum ATX 3.0 PCI-E 5 Mod\u00fcler G\u00fc\u00e7 Kayna\u011f\u0131"},"content":{"rendered":"<table data-path-to-node=\"1\">\n<thead>\n<tr>\n<td><strong>\u00d6zellik<\/strong><\/td>\n<td><strong>De\u011fer<\/strong><\/td>\n<\/tr>\n<\/thead>\n<tbody>\n<tr>\n<td><span data-path-to-node=\"1,1,0,0\"><b>PSU G\u00fc\u00e7 De\u011feri<\/b><\/span><\/td>\n<td><span data-path-to-node=\"1,1,1,0\"><b>850W<\/b><\/span><\/td>\n<\/tr>\n<tr>\n<td><span data-path-to-node=\"1,2,0,0\"><b>Verimlilik<\/b><\/span><\/td>\n<td><span data-path-to-node=\"1,2,1,0\"><b>80 Plus Platinum<\/b><\/span><\/td>\n<\/tr>\n<\/tbody>\n<\/table>\n","protected":false},"excerpt":{"rendered":"<p>\u00d6zellik De\u011fer PSU G\u00fc\u00e7 De\u011feri 850W Verimlilik 80 Plus Platinum<\/p>\n","protected":false},"featured_media":1210,"comment_status":"open","ping_status":"closed","template":"","meta":[],"product_brand":[],"product_cat":[160,168],"product_tag":[],"class_list":{"0":"post-1206","1":"product","2":"type-product","3":"status-publish","4":"has-post-thumbnail","6":"product_cat-bilgisayar-parcalari","7":"product_cat-guc-kaynagi","9":"first","10":"instock","11":"shipping-taxable","12":"purchasable","13":"product-type-simple"},"_links":{"self":[{"href":"https:\/\/laurateknoloji.com.tr\/index.php\/wp-json\/wp\/v2\/product\/1206","targetHints":{"allow":["GET"]}}],"collection":[{"href":"https:\/\/laurateknoloji.com.tr\/index.php\/wp-json\/wp\/v2\/product"}],"about":[{"href":"https:\/\/laurateknoloji.com.tr\/index.php\/wp-json\/wp\/v2\/types\/product"}],"replies":[{"embeddable":true,"href":"https:\/\/laurateknoloji.com.tr\/index.php\/wp-json\/wp\/v2\/comments?post=1206"}],"version-history":[{"count":1,"href":"https:\/\/laurateknoloji.com.tr\/index.php\/wp-json\/wp\/v2\/product\/1206\/revisions"}],"predecessor-version":[{"id":1211,"href":"https:\/\/laurateknoloji.com.tr\/index.php\/wp-json\/wp\/v2\/product\/1206\/revisions\/1211"}],"wp:featuredmedia":[{"embeddable":true,"href":"https:\/\/laurateknoloji.com.tr\/index.php\/wp-json\/wp\/v2\/media\/1210"}],"wp:attachment":[{"href":"https:\/\/laurateknoloji.com.tr\/index.php\/wp-json\/wp\/v2\/media?parent=1206"}],"wp:term":[{"taxonomy":"product_brand","embeddable":true,"href":"https:\/\/laurateknoloji.com.tr\/index.php\/wp-json\/wp\/v2\/product_brand?post=1206"},{"taxonomy":"product_cat","embeddable":true,"href":"https:\/\/laurateknoloji.com.tr\/index.php\/wp-json\/wp\/v2\/product_cat?post=1206"},{"taxonomy":"product_tag","embeddable":true,"href":"https:\/\/laurateknoloji.com.tr\/index.php\/wp-json\/wp\/v2\/product_tag?post=1206"}],"curies":[{"name":"wp","href":"https:\/\/api.w.org\/{rel}","templated":true}]}}