{"id":1158,"date":"2025-11-28T15:42:47","date_gmt":"2025-11-28T12:42:47","guid":{"rendered":"https:\/\/laurateknoloji.com.tr\/?post_type=product&#038;p=1158"},"modified":"2025-11-28T15:42:47","modified_gmt":"2025-11-28T12:42:47","slug":"asus-rog-strix-gx601-helios-4x140mm-fanli-usb3-1-midt-atx-rgb-oyuncu-siyah-kasa","status":"publish","type":"product","link":"https:\/\/laurateknoloji.com.tr\/index.php\/urun\/asus-rog-strix-gx601-helios-4x140mm-fanli-usb3-1-midt-atx-rgb-oyuncu-siyah-kasa\/","title":{"rendered":"ASUS ROG STRIX GX601 HELIOS 4x140mm FANLI USB3.1 MidT ATX RGB OYUNCU S\u0130YAH KASA"},"content":{"rendered":"<table data-path-to-node=\"1\">\n<thead>\n<tr>\n<td><strong>\u00d6zellik<\/strong><\/td>\n<td><strong>De\u011fer<\/strong><\/td>\n<\/tr>\n<\/thead>\n<tbody>\n<tr>\n<td><span data-path-to-node=\"1,1,0,0\"><b>Yap\u0131<\/b><\/span><\/td>\n<td><span data-path-to-node=\"1,1,1,0\">Middle Tower<\/span><\/td>\n<\/tr>\n<tr>\n<td><span data-path-to-node=\"1,2,0,0\"><b>Anakart Deste\u011fi<\/b><\/span><\/td>\n<td><span data-path-to-node=\"1,2,1,0\">Mini-ITX<\/span><\/td>\n<\/tr>\n<tr>\n<td><span data-path-to-node=\"1,3,0,0\"><b>G\u00fc\u00e7 Kayna\u011f\u0131<\/b><\/span><\/td>\n<td><span data-path-to-node=\"1,3,1,0\">Yok<\/span><\/td>\n<\/tr>\n<tr>\n<td><span data-path-to-node=\"1,4,0,0\"><b>Fan Tipi<\/b><\/span><\/td>\n<td><span data-path-to-node=\"1,4,1,0\">Standart Fan<\/span><\/td>\n<\/tr>\n<tr>\n<td><span data-path-to-node=\"1,5,0,0\"><b>Dahili Fan Say\u0131s\u0131<\/b><\/span><\/td>\n<td><span data-path-to-node=\"1,5,1,0\">4<\/span><\/td>\n<\/tr>\n<tr>\n<td><span data-path-to-node=\"1,6,0,0\"><b>2.5&#8221; Disk Yuvalar\u0131<\/b><\/span><\/td>\n<td><span data-path-to-node=\"1,6,1,0\">4<\/span><\/td>\n<\/tr>\n<tr>\n<td><span data-path-to-node=\"1,7,0,0\"><b>3.5&#8221; Disk Yuvalar\u0131<\/b><\/span><\/td>\n<td><span data-path-to-node=\"1,7,1,0\">2<\/span><\/td>\n<\/tr>\n<tr>\n<td><span data-path-to-node=\"1,8,0,0\"><b>TYPE-C<\/b><\/span><\/td>\n<td><span data-path-to-node=\"1,8,1,0\">1<\/span><\/td>\n<\/tr>\n<tr>\n<td><span data-path-to-node=\"1,9,0,0\"><b>USB 3.2<\/b><\/span><\/td>\n<td><span data-path-to-node=\"1,9,1,0\">4<\/span><\/td>\n<\/tr>\n<tr>\n<td><span data-path-to-node=\"1,10,0,0\"><b>Ses Jack<\/b><\/span><\/td>\n<td><span data-path-to-node=\"1,10,1,0\">Var<\/span><\/td>\n<\/tr>\n<\/tbody>\n<\/table>\n","protected":false},"excerpt":{"rendered":"<p>\u00d6zellik De\u011fer Yap\u0131 Middle Tower Anakart Deste\u011fi Mini-ITX G\u00fc\u00e7 Kayna\u011f\u0131 Yok Fan Tipi Standart Fan Dahili Fan Say\u0131s\u0131 4 2.5&#8221; Disk Yuvalar\u0131 4 3.5&#8221; Disk Yuvalar\u0131<span class=\"excerpt-hellip\"> [\u2026]<\/span><\/p>\n","protected":false},"featured_media":1162,"comment_status":"open","ping_status":"closed","template":"","meta":[],"product_brand":[],"product_cat":[167,160],"product_tag":[],"class_list":{"0":"post-1158","1":"product","2":"type-product","3":"status-publish","4":"has-post-thumbnail","6":"product_cat-bilgisayar-kasalari","7":"product_cat-bilgisayar-parcalari","9":"first","10":"instock","11":"shipping-taxable","12":"purchasable","13":"product-type-simple"},"_links":{"self":[{"href":"https:\/\/laurateknoloji.com.tr\/index.php\/wp-json\/wp\/v2\/product\/1158","targetHints":{"allow":["GET"]}}],"collection":[{"href":"https:\/\/laurateknoloji.com.tr\/index.php\/wp-json\/wp\/v2\/product"}],"about":[{"href":"https:\/\/laurateknoloji.com.tr\/index.php\/wp-json\/wp\/v2\/types\/product"}],"replies":[{"embeddable":true,"href":"https:\/\/laurateknoloji.com.tr\/index.php\/wp-json\/wp\/v2\/comments?post=1158"}],"version-history":[{"count":1,"href":"https:\/\/laurateknoloji.com.tr\/index.php\/wp-json\/wp\/v2\/product\/1158\/revisions"}],"predecessor-version":[{"id":1163,"href":"https:\/\/laurateknoloji.com.tr\/index.php\/wp-json\/wp\/v2\/product\/1158\/revisions\/1163"}],"wp:featuredmedia":[{"embeddable":true,"href":"https:\/\/laurateknoloji.com.tr\/index.php\/wp-json\/wp\/v2\/media\/1162"}],"wp:attachment":[{"href":"https:\/\/laurateknoloji.com.tr\/index.php\/wp-json\/wp\/v2\/media?parent=1158"}],"wp:term":[{"taxonomy":"product_brand","embeddable":true,"href":"https:\/\/laurateknoloji.com.tr\/index.php\/wp-json\/wp\/v2\/product_brand?post=1158"},{"taxonomy":"product_cat","embeddable":true,"href":"https:\/\/laurateknoloji.com.tr\/index.php\/wp-json\/wp\/v2\/product_cat?post=1158"},{"taxonomy":"product_tag","embeddable":true,"href":"https:\/\/laurateknoloji.com.tr\/index.php\/wp-json\/wp\/v2\/product_tag?post=1158"}],"curies":[{"name":"wp","href":"https:\/\/api.w.org\/{rel}","templated":true}]}}