{"id":1011,"date":"2025-11-28T14:34:25","date_gmt":"2025-11-28T11:34:25","guid":{"rendered":"https:\/\/laurateknoloji.com.tr\/?post_type=product&#038;p=1011"},"modified":"2025-11-28T14:34:25","modified_gmt":"2025-11-28T11:34:25","slug":"msi-meg-z490-ace-intel-z490-soket-1200-ddr4-4800oc-m-2-anakart","status":"publish","type":"product","link":"https:\/\/laurateknoloji.com.tr\/index.php\/urun\/msi-meg-z490-ace-intel-z490-soket-1200-ddr4-4800oc-m-2-anakart\/","title":{"rendered":"MSI MEG Z490 ACE Intel Z490 Soket 1200 DDR4 4800(OC) M.2 Anakart"},"content":{"rendered":"<table data-path-to-node=\"1\">\n<thead>\n<tr>\n<td><strong>\u00d6zellik<\/strong><\/td>\n<td><strong>De\u011fer<\/strong><\/td>\n<\/tr>\n<\/thead>\n<tbody>\n<tr>\n<td><span data-path-to-node=\"1,1,0,0\"><b>Anakart Yap\u0131<\/b><\/span><\/td>\n<td><span data-path-to-node=\"1,1,1,0\">ATX<\/span><\/td>\n<\/tr>\n<tr>\n<td><span data-path-to-node=\"1,2,0,0\"><b>Soket Tipi<\/b><\/span><\/td>\n<td><span data-path-to-node=\"1,2,1,0\">Soket 1200<\/span><\/td>\n<\/tr>\n<tr>\n<td><span data-path-to-node=\"1,3,0,0\"><b>Anakart Chipseti<\/b><\/span><\/td>\n<td><span data-path-to-node=\"1,3,1,0\">Intel Z490<\/span><\/td>\n<\/tr>\n<tr>\n<td><span data-path-to-node=\"1,4,0,0\"><b>Ram Tipi<\/b><\/span><\/td>\n<td><span data-path-to-node=\"1,4,1,0\">DDR4<\/span><\/td>\n<\/tr>\n<tr>\n<td><span data-path-to-node=\"1,5,0,0\"><b>Ram Frekans Deste\u011fi<\/b><\/span><\/td>\n<td><span data-path-to-node=\"1,5,1,0\">4800 MHz<\/span><\/td>\n<\/tr>\n<tr>\n<td><span data-path-to-node=\"1,6,0,0\"><b>Ram Slot Say\u0131s\u0131<\/b><\/span><\/td>\n<td><span data-path-to-node=\"1,6,1,0\">4<\/span><\/td>\n<\/tr>\n<tr>\n<td><span data-path-to-node=\"1,7,0,0\"><b>Maks. Ram Deste\u011fi<\/b><\/span><\/td>\n<td><span data-path-to-node=\"1,7,1,0\">128 GB<\/span><\/td>\n<\/tr>\n<tr>\n<td><span data-path-to-node=\"1,8,0,0\"><b>PCI Express 4.0<\/b><\/span><\/td>\n<td><span data-path-to-node=\"1,8,1,0\">3<\/span><\/td>\n<\/tr>\n<tr>\n<td><span data-path-to-node=\"1,9,0,0\"><b>PCI Express X1<\/b><\/span><\/td>\n<td><span data-path-to-node=\"1,9,1,0\">2<\/span><\/td>\n<\/tr>\n<tr>\n<td><span data-path-to-node=\"1,10,0,0\"><b>M.2 Yuva Say\u0131s\u0131<\/b><\/span><\/td>\n<td><span data-path-to-node=\"1,10,1,0\">3<\/span><\/td>\n<\/tr>\n<tr>\n<td><span data-path-to-node=\"1,11,0,0\"><b>Sata 6Gb\/s<\/b><\/span><\/td>\n<td><span data-path-to-node=\"1,11,1,0\">6<\/span><\/td>\n<\/tr>\n<tr>\n<td><span data-path-to-node=\"1,12,0,0\"><b>Dahili Ses Kart\u0131<\/b><\/span><\/td>\n<td><span data-path-to-node=\"1,12,1,0\">Realtek ALC S1220 7.1<\/span><\/td>\n<\/tr>\n<tr>\n<td><span data-path-to-node=\"1,13,0,0\"><b>Ethernet<\/b><\/span><\/td>\n<td><span data-path-to-node=\"1,13,1,0\">10\/100\/1000Mbps<\/span><\/td>\n<\/tr>\n<tr>\n<td><span data-path-to-node=\"1,14,0,0\"><b>Kablosuz Ba\u011flant\u0131 (Wi-Fi)<\/b><\/span><\/td>\n<td><span data-path-to-node=\"1,14,1,0\">Var<\/span><\/td>\n<\/tr>\n<tr>\n<td><span data-path-to-node=\"1,15,0,0\"><b>Bluetooth<\/b><\/span><\/td>\n<td><span data-path-to-node=\"1,15,1,0\">Var<\/span><\/td>\n<\/tr>\n<tr>\n<td><span data-path-to-node=\"1,16,0,0\"><b>USB 2.0<\/b><\/span><\/td>\n<td><span data-path-to-node=\"1,16,1,0\">2<\/span><\/td>\n<\/tr>\n<tr>\n<td><span data-path-to-node=\"1,17,0,0\"><b>USB 3.2<\/b><\/span><\/td>\n<td><span data-path-to-node=\"1,17,1,0\">5<\/span><\/td>\n<\/tr>\n<tr>\n<td><span data-path-to-node=\"1,18,0,0\"><b>TYPE-C<\/b><\/span><\/td>\n<td><span data-path-to-node=\"1,18,1,0\">1<\/span><\/td>\n<\/tr>\n<\/tbody>\n<\/table>\n","protected":false},"excerpt":{"rendered":"<p>\u00d6zellik De\u011fer Anakart Yap\u0131 ATX Soket Tipi Soket 1200 Anakart Chipseti Intel Z490 Ram Tipi DDR4 Ram Frekans Deste\u011fi 4800 MHz Ram Slot Say\u0131s\u0131 4 Maks.<span class=\"excerpt-hellip\"> [\u2026]<\/span><\/p>\n","protected":false},"featured_media":1015,"comment_status":"open","ping_status":"closed","template":"","meta":[],"product_brand":[],"product_cat":[162,160],"product_tag":[],"class_list":{"0":"post-1011","1":"product","2":"type-product","3":"status-publish","4":"has-post-thumbnail","6":"product_cat-anakart","7":"product_cat-bilgisayar-parcalari","9":"first","10":"instock","11":"shipping-taxable","12":"purchasable","13":"product-type-simple"},"_links":{"self":[{"href":"https:\/\/laurateknoloji.com.tr\/index.php\/wp-json\/wp\/v2\/product\/1011","targetHints":{"allow":["GET"]}}],"collection":[{"href":"https:\/\/laurateknoloji.com.tr\/index.php\/wp-json\/wp\/v2\/product"}],"about":[{"href":"https:\/\/laurateknoloji.com.tr\/index.php\/wp-json\/wp\/v2\/types\/product"}],"replies":[{"embeddable":true,"href":"https:\/\/laurateknoloji.com.tr\/index.php\/wp-json\/wp\/v2\/comments?post=1011"}],"version-history":[{"count":1,"href":"https:\/\/laurateknoloji.com.tr\/index.php\/wp-json\/wp\/v2\/product\/1011\/revisions"}],"predecessor-version":[{"id":1016,"href":"https:\/\/laurateknoloji.com.tr\/index.php\/wp-json\/wp\/v2\/product\/1011\/revisions\/1016"}],"wp:featuredmedia":[{"embeddable":true,"href":"https:\/\/laurateknoloji.com.tr\/index.php\/wp-json\/wp\/v2\/media\/1015"}],"wp:attachment":[{"href":"https:\/\/laurateknoloji.com.tr\/index.php\/wp-json\/wp\/v2\/media?parent=1011"}],"wp:term":[{"taxonomy":"product_brand","embeddable":true,"href":"https:\/\/laurateknoloji.com.tr\/index.php\/wp-json\/wp\/v2\/product_brand?post=1011"},{"taxonomy":"product_cat","embeddable":true,"href":"https:\/\/laurateknoloji.com.tr\/index.php\/wp-json\/wp\/v2\/product_cat?post=1011"},{"taxonomy":"product_tag","embeddable":true,"href":"https:\/\/laurateknoloji.com.tr\/index.php\/wp-json\/wp\/v2\/product_tag?post=1011"}],"curies":[{"name":"wp","href":"https:\/\/api.w.org\/{rel}","templated":true}]}}